{"id":19215,"date":"2025-04-23T22:38:44","date_gmt":"2025-04-23T20:38:44","guid":{"rendered":"https:\/\/contactfm72.fr\/?page_id=19215"},"modified":"2025-11-13T12:00:34","modified_gmt":"2025-11-13T11:00:34","slug":"mentions-legales","status":"publish","type":"page","link":"https:\/\/contactfm72.fr\/?page_id=19215","title":{"rendered":"Mentions l\u00e9gales"},"content":{"rendered":"<p><b>Mentions l\u00e9gales \u2013 Contact FM 72<\/b><\/p>\n<p>Conform\u00e9ment aux dispositions de la loi n\u00b0 2004-575 du 21 juin 2004 pour la confiance dans l\u2019\u00e9conomie num\u00e9rique, les informations ci-dessous pr\u00e9cisent l\u2019identit\u00e9 des diff\u00e9rents intervenants dans le cadre de la r\u00e9alisation et du suivi du site internet <a href=\"https:\/\/contactfm72.fr\/\">https:\/\/contactfm72.fr\/<\/a><\/p>\n<p><b>Editeur du site<\/b><b><br \/>\n<\/b><a href=\"https:\/\/visionaire-com.fr\/\">Visionaire<\/a><br \/>\n<b>Contact FM 72<\/b><b><br \/>\n<\/b>La Chaumine<br \/>\n72500 Montval-sur-Loir<br \/>\nT\u00e9l. : 06 33 43 26 75<\/p>\n<p><b>Responsable de publication<\/b><b><br \/>\n<\/b> Directeur de publication : CASCIO Val\u00e9rie<b><br \/>\n<\/b> Responsable \u00e9ditorial : CASCIO Val\u00e9rie<\/p>\n<p><b>Droits d\u2019auteur<\/b><b><br \/>\n<\/b> L\u2019ensemble des contenus pr\u00e9sents sur ce site (textes, images, vid\u00e9os, sons, logos, etc.) est prot\u00e9g\u00e9 par la l\u00e9gislation fran\u00e7aise et internationale relative au droit d\u2019auteur et \u00e0 la propri\u00e9t\u00e9 intellectuelle. Toute reproduction ou repr\u00e9sentation, totale ou partielle, sans autorisation pr\u00e9alable est strictement interdite, sauf dans un cadre priv\u00e9.<\/p>\n<p>Les informations publi\u00e9es sur le site sont non contractuelles et donn\u00e9es \u00e0 titre indicatif. Contact FM 72 ne saurait \u00eatre tenue responsable d\u2019\u00e9ventuelles erreurs ou omissions.<\/p>\n<p><b>Sont autoris\u00e9s sans demande pr\u00e9alable<\/b> :<\/p>\n<ul>\n<li aria-level=\"1\">La citation avec mention de la source et de l\u2019auteur<\/li>\n<li aria-level=\"1\">La cr\u00e9ation de liens hypertextes menant vers le site, \u00e0 condition qu\u2019ils s\u2019ouvrent dans une nouvelle fen\u00eatre et ne soient pas int\u00e9gr\u00e9s dans une autre page (notamment via des &#8220;frames&#8221;)<\/li>\n<\/ul>\n<p><b>Cr\u00e9dits<\/b><b><br \/>\n<\/b> Conception et d\u00e9veloppement : <a href=\"https:\/\/visionaire-com.fr\/\" target=\"_blank\" rel=\"noopener\"><b>Visionaire<\/b><\/a><b><br \/>\n<\/b> Photos : \u00a9 Contact FM 72<br \/>\nVid\u00e9os : \u00a9 Contact FM 72<br \/>\nToute utilisation du logo ou des m\u00e9dias n\u00e9cessite une autorisation \u00e9crite pr\u00e9alable.<\/p>\n<p><b>H\u00e9bergeur<\/b><b><br \/>\n<\/b> Soci\u00e9t\u00e9 : <b><a href=\"https:\/\/www.ovhcloud.com\/fr\/\">OVH SAS<\/a><br \/>\n<\/b> Adresse : 2 rue Kellermann &#8211; 59100 Roubaix \u2013 France<br \/>\nT\u00e9l\u00e9phone : 1007 (service gratuit depuis un poste fixe, uniquement en France)Les donn\u00e9es collect\u00e9es sont h\u00e9berg\u00e9es au sein de l\u2019Union Europ\u00e9enne.<\/p>\n<p><b>Donn\u00e9es personnelles<\/b><b><br \/>\n<\/b> Conform\u00e9ment au <b>R\u00e8glement G\u00e9n\u00e9ral sur la Protection des Donn\u00e9es (RGPD)<\/b>, les donn\u00e9es recueillies via ce site (formulaires de contact, courriels, etc.) sont trait\u00e9es dans le respect des droits et de la vie priv\u00e9e des utilisateurs.<\/p>\n<p>Vous disposez d\u2019un droit d\u2019acc\u00e8s, de rectification, de suppression ou d\u2019opposition concernant les donn\u00e9es vous concernant.<br \/>\nCes droits peuvent \u00eatre exerc\u00e9s en contactant :<br \/>\n<b>Contact FM 72<\/b> \u2013 All\u00e9e de Normandie, 72500 Montval-sur-Loir<\/p>\n<p>&nbsp;<\/p>\n<!-- AddThis Advanced Settings generic via filter on the_content --><!-- AddThis Share Buttons generic via filter on the_content -->","protected":false},"excerpt":{"rendered":"<p>Mentions l\u00e9gales \u2013 Contact FM 72 Conform\u00e9ment aux dispositions de la loi n\u00b0 2004-575 du 21 juin 2004 pour la confiance dans l\u2019\u00e9conomie num\u00e9rique, les informations ci-dessous pr\u00e9cisent l\u2019identit\u00e9 des diff\u00e9rents intervenants dans le cadre de la r\u00e9alisation et du suivi du site internet https:\/\/contactfm72.fr\/ Editeur du site Visionaire Contact FM 72 La Chaumine 72500&hellip;<!-- AddThis Advanced Settings generic via filter on get_the_excerpt --><!-- AddThis Share Buttons generic via filter on get_the_excerpt --><\/p>\n","protected":false},"author":6,"featured_media":0,"parent":0,"menu_order":0,"comment_status":"closed","ping_status":"closed","template":"","meta":{"footnotes":""},"class_list":["post-19215","page","type-page","status-publish","hentry","description-off"],"yoast_head":"<!-- This site is optimized with the Yoast SEO plugin v27.4 - https:\/\/yoast.com\/product\/yoast-seo-wordpress\/ -->\n<title>Mentions l\u00e9gales - Contact FM 99.3<\/title>\n<meta name=\"description\" content=\"Consultez les mentions l\u00e9gales de Contact FM 99.3 pour en savoir plus sur notre radio, ses obligations l\u00e9gales et les conditions d\u2019utilisation de nos services.\" \/>\n<meta name=\"robots\" content=\"index, follow, max-snippet:-1, max-image-preview:large, max-video-preview:-1\" \/>\n<link rel=\"canonical\" href=\"https:\/\/contactfm72.fr\/?page_id=19215\" \/>\n<meta property=\"og:locale\" content=\"fr_FR\" \/>\n<meta property=\"og:type\" content=\"article\" \/>\n<meta property=\"og:title\" content=\"Mentions l\u00e9gales - Contact FM 99.3\" \/>\n<meta property=\"og:description\" content=\"Consultez les mentions l\u00e9gales de Contact FM 99.3 pour en savoir plus sur notre radio, ses obligations l\u00e9gales et les conditions d\u2019utilisation de nos services.\" \/>\n<meta property=\"og:url\" content=\"https:\/\/contactfm72.fr\/?page_id=19215\" \/>\n<meta property=\"og:site_name\" content=\"Contact FM 99.3\" \/>\n<meta property=\"article:publisher\" content=\"https:\/\/www.facebook.com\/Contactfm.Chateauduloir\" \/>\n<meta property=\"article:modified_time\" content=\"2025-11-13T11:00:34+00:00\" \/>\n<meta name=\"twitter:card\" content=\"summary_large_image\" \/>\n<meta name=\"twitter:site\" content=\"@contactfm72\" \/>\n<meta name=\"twitter:label1\" content=\"Dur\u00e9e de lecture estim\u00e9e\" \/>\n\t<meta name=\"twitter:data1\" content=\"2 minutes\" \/>\n<script type=\"application\/ld+json\" class=\"yoast-schema-graph\">{\"@context\":\"https:\\\/\\\/schema.org\",\"@graph\":[{\"@type\":\"WebPage\",\"@id\":\"https:\\\/\\\/contactfm72.fr\\\/?page_id=19215\",\"url\":\"https:\\\/\\\/contactfm72.fr\\\/?page_id=19215\",\"name\":\"Mentions l\u00e9gales - Contact FM 99.3\",\"isPartOf\":{\"@id\":\"https:\\\/\\\/contactfm72.fr\\\/#website\"},\"datePublished\":\"2025-04-23T20:38:44+00:00\",\"dateModified\":\"2025-11-13T11:00:34+00:00\",\"description\":\"Consultez les mentions l\u00e9gales de Contact FM 99.3 pour en savoir plus sur notre radio, ses obligations l\u00e9gales et les conditions d\u2019utilisation de nos services.\",\"breadcrumb\":{\"@id\":\"https:\\\/\\\/contactfm72.fr\\\/?page_id=19215#breadcrumb\"},\"inLanguage\":\"fr-FR\",\"potentialAction\":[{\"@type\":\"ReadAction\",\"target\":[\"https:\\\/\\\/contactfm72.fr\\\/?page_id=19215\"]}]},{\"@type\":\"BreadcrumbList\",\"@id\":\"https:\\\/\\\/contactfm72.fr\\\/?page_id=19215#breadcrumb\",\"itemListElement\":[{\"@type\":\"ListItem\",\"position\":1,\"name\":\"Accueil\",\"item\":\"https:\\\/\\\/contactfm72.fr\\\/\"},{\"@type\":\"ListItem\",\"position\":2,\"name\":\"Mentions l\u00e9gales\"}]},{\"@type\":\"WebSite\",\"@id\":\"https:\\\/\\\/contactfm72.fr\\\/#website\",\"url\":\"https:\\\/\\\/contactfm72.fr\\\/\",\"name\":\"Contact FM 99.3\",\"description\":\"Votre radio en vall\u00e9e du Loir\",\"publisher\":{\"@id\":\"https:\\\/\\\/contactfm72.fr\\\/#organization\"},\"potentialAction\":[{\"@type\":\"SearchAction\",\"target\":{\"@type\":\"EntryPoint\",\"urlTemplate\":\"https:\\\/\\\/contactfm72.fr\\\/?s={search_term_string}\"},\"query-input\":{\"@type\":\"PropertyValueSpecification\",\"valueRequired\":true,\"valueName\":\"search_term_string\"}}],\"inLanguage\":\"fr-FR\"},{\"@type\":\"Organization\",\"@id\":\"https:\\\/\\\/contactfm72.fr\\\/#organization\",\"name\":\"Contact FM 99.3\",\"url\":\"https:\\\/\\\/contactfm72.fr\\\/\",\"logo\":{\"@type\":\"ImageObject\",\"inLanguage\":\"fr-FR\",\"@id\":\"https:\\\/\\\/contactfm72.fr\\\/#\\\/schema\\\/logo\\\/image\\\/\",\"url\":\"https:\\\/\\\/contactfm72.fr\\\/wp-content\\\/uploads\\\/2025\\\/04\\\/2025-04-18-2.jpg\",\"contentUrl\":\"https:\\\/\\\/contactfm72.fr\\\/wp-content\\\/uploads\\\/2025\\\/04\\\/2025-04-18-2.jpg\",\"width\":680,\"height\":307,\"caption\":\"Contact FM 99.3\"},\"image\":{\"@id\":\"https:\\\/\\\/contactfm72.fr\\\/#\\\/schema\\\/logo\\\/image\\\/\"},\"sameAs\":[\"https:\\\/\\\/www.facebook.com\\\/Contactfm.Chateauduloir\",\"https:\\\/\\\/x.com\\\/contactfm72\",\"https:\\\/\\\/www.instagram.com\\\/contact.fm.72?igsh=cGhlMHQ5N2JlNnpp\",\"https:\\\/\\\/www.tiktok.com\\\/@contact.fm\"]}]}<\/script>\n<!-- \/ Yoast SEO plugin. -->","yoast_head_json":{"title":"Mentions l\u00e9gales - Contact FM 99.3","description":"Consultez les mentions l\u00e9gales de Contact FM 99.3 pour en savoir plus sur notre radio, ses obligations l\u00e9gales et les conditions d\u2019utilisation de nos services.","robots":{"index":"index","follow":"follow","max-snippet":"max-snippet:-1","max-image-preview":"max-image-preview:large","max-video-preview":"max-video-preview:-1"},"canonical":"https:\/\/contactfm72.fr\/?page_id=19215","og_locale":"fr_FR","og_type":"article","og_title":"Mentions l\u00e9gales - Contact FM 99.3","og_description":"Consultez les mentions l\u00e9gales de Contact FM 99.3 pour en savoir plus sur notre radio, ses obligations l\u00e9gales et les conditions d\u2019utilisation de nos services.","og_url":"https:\/\/contactfm72.fr\/?page_id=19215","og_site_name":"Contact FM 99.3","article_publisher":"https:\/\/www.facebook.com\/Contactfm.Chateauduloir","article_modified_time":"2025-11-13T11:00:34+00:00","twitter_card":"summary_large_image","twitter_site":"@contactfm72","twitter_misc":{"Dur\u00e9e de lecture estim\u00e9e":"2 minutes"},"schema":{"@context":"https:\/\/schema.org","@graph":[{"@type":"WebPage","@id":"https:\/\/contactfm72.fr\/?page_id=19215","url":"https:\/\/contactfm72.fr\/?page_id=19215","name":"Mentions l\u00e9gales - Contact FM 99.3","isPartOf":{"@id":"https:\/\/contactfm72.fr\/#website"},"datePublished":"2025-04-23T20:38:44+00:00","dateModified":"2025-11-13T11:00:34+00:00","description":"Consultez les mentions l\u00e9gales de Contact FM 99.3 pour en savoir plus sur notre radio, ses obligations l\u00e9gales et les conditions d\u2019utilisation de nos services.","breadcrumb":{"@id":"https:\/\/contactfm72.fr\/?page_id=19215#breadcrumb"},"inLanguage":"fr-FR","potentialAction":[{"@type":"ReadAction","target":["https:\/\/contactfm72.fr\/?page_id=19215"]}]},{"@type":"BreadcrumbList","@id":"https:\/\/contactfm72.fr\/?page_id=19215#breadcrumb","itemListElement":[{"@type":"ListItem","position":1,"name":"Accueil","item":"https:\/\/contactfm72.fr\/"},{"@type":"ListItem","position":2,"name":"Mentions l\u00e9gales"}]},{"@type":"WebSite","@id":"https:\/\/contactfm72.fr\/#website","url":"https:\/\/contactfm72.fr\/","name":"Contact FM 99.3","description":"Votre radio en vall\u00e9e du Loir","publisher":{"@id":"https:\/\/contactfm72.fr\/#organization"},"potentialAction":[{"@type":"SearchAction","target":{"@type":"EntryPoint","urlTemplate":"https:\/\/contactfm72.fr\/?s={search_term_string}"},"query-input":{"@type":"PropertyValueSpecification","valueRequired":true,"valueName":"search_term_string"}}],"inLanguage":"fr-FR"},{"@type":"Organization","@id":"https:\/\/contactfm72.fr\/#organization","name":"Contact FM 99.3","url":"https:\/\/contactfm72.fr\/","logo":{"@type":"ImageObject","inLanguage":"fr-FR","@id":"https:\/\/contactfm72.fr\/#\/schema\/logo\/image\/","url":"https:\/\/contactfm72.fr\/wp-content\/uploads\/2025\/04\/2025-04-18-2.jpg","contentUrl":"https:\/\/contactfm72.fr\/wp-content\/uploads\/2025\/04\/2025-04-18-2.jpg","width":680,"height":307,"caption":"Contact FM 99.3"},"image":{"@id":"https:\/\/contactfm72.fr\/#\/schema\/logo\/image\/"},"sameAs":["https:\/\/www.facebook.com\/Contactfm.Chateauduloir","https:\/\/x.com\/contactfm72","https:\/\/www.instagram.com\/contact.fm.72?igsh=cGhlMHQ5N2JlNnpp","https:\/\/www.tiktok.com\/@contact.fm"]}]}},"_links":{"self":[{"href":"https:\/\/contactfm72.fr\/index.php?rest_route=\/wp\/v2\/pages\/19215","targetHints":{"allow":["GET"]}}],"collection":[{"href":"https:\/\/contactfm72.fr\/index.php?rest_route=\/wp\/v2\/pages"}],"about":[{"href":"https:\/\/contactfm72.fr\/index.php?rest_route=\/wp\/v2\/types\/page"}],"author":[{"embeddable":true,"href":"https:\/\/contactfm72.fr\/index.php?rest_route=\/wp\/v2\/users\/6"}],"replies":[{"embeddable":true,"href":"https:\/\/contactfm72.fr\/index.php?rest_route=%2Fwp%2Fv2%2Fcomments&post=19215"}],"version-history":[{"count":5,"href":"https:\/\/contactfm72.fr\/index.php?rest_route=\/wp\/v2\/pages\/19215\/revisions"}],"predecessor-version":[{"id":20675,"href":"https:\/\/contactfm72.fr\/index.php?rest_route=\/wp\/v2\/pages\/19215\/revisions\/20675"}],"wp:attachment":[{"href":"https:\/\/contactfm72.fr\/index.php?rest_route=%2Fwp%2Fv2%2Fmedia&parent=19215"}],"curies":[{"name":"wp","href":"https:\/\/api.w.org\/{rel}","templated":true}]}}

Mentions légales

<p><b>Mentions légales – Contact FM 72</b></p>
<p>Conformément aux dispositions de la loi n° 2004-575 du 21 juin 2004 pour la confiance dans l’économie numérique, les informations ci-dessous précisent l’identité des différents intervenants dans le cadre de la réalisation et du suivi du site internet <a href="https://contactfm72.fr/">https://contactfm72.fr/</a></p>
<p><b>Editeur du site</b><b><br />
</b><a href="https://visionaire-com.fr/">Visionaire</a><br />
<b>Contact FM 72</b><b><br />
</b>La Chaumine<br />
72500 Montval-sur-Loir<br />
Tél. : 06 33 43 26 75</p>
<p><b>Responsable de publication</b><b><br />
</b> Directeur de publication : CASCIO Valérie<b><br />
</b> Responsable éditorial : CASCIO Valérie</p>
<p><b>Droits d’auteur</b><b><br />
</b> L’ensemble des contenus présents sur ce site (textes, images, vidéos, sons, logos, etc.) est protégé par la législation française et internationale relative au droit d’auteur et à la propriété intellectuelle. Toute reproduction ou représentation, totale ou partielle, sans autorisation préalable est strictement interdite, sauf dans un cadre privé.</p>
<p>Les informations publiées sur le site sont non contractuelles et données à titre indicatif. Contact FM 72 ne saurait être tenue responsable d’éventuelles erreurs ou omissions.</p>
<p><b>Sont autorisés sans demande préalable</b> :</p>
<ul>
<li aria-level="1">La citation avec mention de la source et de l’auteur</li>
<li aria-level="1">La création de liens hypertextes menant vers le site, à condition qu’ils s’ouvrent dans une nouvelle fenêtre et ne soient pas intégrés dans une autre page (notamment via des &#8220;frames&#8221;)</li>
</ul>
<p><b>Crédits</b><b><br />
</b> Conception et développement : <a href="https://visionaire-com.fr/" target="_blank" rel="noopener"><b>Visionaire</b></a><b><br />
</b> Photos : © Contact FM 72<br />
Vidéos : © Contact FM 72<br />
Toute utilisation du logo ou des médias nécessite une autorisation écrite préalable.</p>
<p><b>Hébergeur</b><b><br />
</b> Société : <b><a href="https://www.ovhcloud.com/fr/">OVH SAS</a><br />
</b> Adresse : 2 rue Kellermann &#8211; 59100 Roubaix – France<br />
Téléphone : 1007 (service gratuit depuis un poste fixe, uniquement en France)Les données collectées sont hébergées au sein de l’Union Européenne.</p>
<p><b>Données personnelles</b><b><br />
</b> Conformément au <b>Règlement Général sur la Protection des Données (RGPD)</b>, les données recueillies via ce site (formulaires de contact, courriels, etc.) sont traitées dans le respect des droits et de la vie privée des utilisateurs.</p>
<p>Vous disposez d’un droit d’accès, de rectification, de suppression ou d’opposition concernant les données vous concernant.<br />
Ces droits peuvent être exercés en contactant :<br />
<b>Contact FM 72</b> – Allée de Normandie, 72500 Montval-sur-Loir</p>
<p>&nbsp;</p>
<!-- AddThis Advanced Settings generic via filter on the_content --><!-- AddThis Share Buttons generic via filter on the_content -->

<p>Mentions légales – Contact FM 72 Conformément aux dispositions de la loi n° 2004-575 du 21 juin 2004 pour la confiance dans l’économie numérique, les informations ci-dessous précisent l’identité des différents intervenants dans le cadre de la réalisation et du suivi du site internet https://contactfm72.fr/ Editeur du site Visionaire Contact FM 72 La Chaumine 72500&hellip;<!-- AddThis Advanced Settings generic via filter on get_the_excerpt --><!-- AddThis Share Buttons generic via filter on get_the_excerpt --></p>

<!-- This site is optimized with the Yoast SEO plugin v27.4 - https://yoast.com/product/yoast-seo-wordpress/ -->
<title>Mentions légales - Contact FM 99.3</title>
<meta name="description" content="Consultez les mentions légales de Contact FM 99.3 pour en savoir plus sur notre radio, ses obligations légales et les conditions d’utilisation de nos services." />
<meta name="robots" content="index, follow, max-snippet:-1, max-image-preview:large, max-video-preview:-1" />
<link rel="canonical" href="https://contactfm72.fr/?page_id=19215" />
<meta property="og:locale" content="fr_FR" />
<meta property="og:type" content="article" />
<meta property="og:title" content="Mentions légales - Contact FM 99.3" />
<meta property="og:description" content="Consultez les mentions légales de Contact FM 99.3 pour en savoir plus sur notre radio, ses obligations légales et les conditions d’utilisation de nos services." />
<meta property="og:url" content="https://contactfm72.fr/?page_id=19215" />
<meta property="og:site_name" content="Contact FM 99.3" />
<meta property="article:publisher" content="https://www.facebook.com/Contactfm.Chateauduloir" />
<meta property="article:modified_time" content="2025-11-13T11:00:34+00:00" />
<meta name="twitter:card" content="summary_large_image" />
<meta name="twitter:site" content="@contactfm72" />
<meta name="twitter:label1" content="Durée de lecture estimée" />
	<meta name="twitter:data1" content="2 minutes" />
<script type="application/ld+json" class="yoast-schema-graph">{"@context":"https:\/\/schema.org","@graph":[{"@type":"WebPage","@id":"https:\/\/contactfm72.fr\/?page_id=19215","url":"https:\/\/contactfm72.fr\/?page_id=19215","name":"Mentions légales - Contact FM 99.3","isPartOf":{"@id":"https:\/\/contactfm72.fr\/#website"},"datePublished":"2025-04-23T20:38:44+00:00","dateModified":"2025-11-13T11:00:34+00:00","description":"Consultez les mentions légales de Contact FM 99.3 pour en savoir plus sur notre radio, ses obligations légales et les conditions d’utilisation de nos services.","breadcrumb":{"@id":"https:\/\/contactfm72.fr\/?page_id=19215#breadcrumb"},"inLanguage":"fr-FR","potentialAction":[{"@type":"ReadAction","target":["https:\/\/contactfm72.fr\/?page_id=19215"]}]},{"@type":"BreadcrumbList","@id":"https:\/\/contactfm72.fr\/?page_id=19215#breadcrumb","itemListElement":[{"@type":"ListItem","position":1,"name":"Accueil","item":"https:\/\/contactfm72.fr\/"},{"@type":"ListItem","position":2,"name":"Mentions légales"}]},{"@type":"WebSite","@id":"https:\/\/contactfm72.fr\/#website","url":"https:\/\/contactfm72.fr\/","name":"Contact FM 99.3","description":"Votre radio en vallée du Loir","publisher":{"@id":"https:\/\/contactfm72.fr\/#organization"},"potentialAction":[{"@type":"SearchAction","target":{"@type":"EntryPoint","urlTemplate":"https:\/\/contactfm72.fr\/?s={search_term_string}"},"query-input":{"@type":"PropertyValueSpecification","valueRequired":true,"valueName":"search_term_string"}}],"inLanguage":"fr-FR"},{"@type":"Organization","@id":"https:\/\/contactfm72.fr\/#organization","name":"Contact FM 99.3","url":"https:\/\/contactfm72.fr\/","logo":{"@type":"ImageObject","inLanguage":"fr-FR","@id":"https:\/\/contactfm72.fr\/#\/schema\/logo\/image\/","url":"https:\/\/contactfm72.fr\/wp-content\/uploads\/2025\/04\/2025-04-18-2.jpg","contentUrl":"https:\/\/contactfm72.fr\/wp-content\/uploads\/2025\/04\/2025-04-18-2.jpg","width":680,"height":307,"caption":"Contact FM 99.3"},"image":{"@id":"https:\/\/contactfm72.fr\/#\/schema\/logo\/image\/"},"sameAs":["https:\/\/www.facebook.com\/Contactfm.Chateauduloir","https:\/\/x.com\/contactfm72","https:\/\/www.instagram.com\/contact.fm.72?igsh=cGhlMHQ5N2JlNnpp","https:\/\/www.tiktok.com\/@contact.fm"]}]}</script>
<!-- / Yoast SEO plugin. -->

Mentions légales - Contact FM 99.3

Consultez les mentions légales de Contact FM 99.3 pour en savoir plus sur notre radio, ses obligations légales et les conditions d’utilisation de nos services.

Votre radio en vallée du Loir
